lse
Is 589088 a multiple of 4?
True
Does 37 divide 49677?
False
Is 6531793 a multiple of 31?
True
Is 1294632 a multiple of 213?
False
Is 66315 a multiple of 156?
False
Is 48 a factor of 1989893?
False
Is 2776261 a multiple of 19?
True
Is 4296341 a multiple of 329?
False
Is 427 a factor of 897554?
True
Is 168939 a multiple of 54?
False
Does 12 divide 1981414?
False
Is 1462604 a multiple of 572?
True
Does 28 divide 416328?
False
Is 44826 a multiple of 186?
True
Is 18 a factor of 7602645?
False
Is 36 a factor of 40644?
True
Is 6220550 a multiple of 7?
True
Is 186084 a multiple of 12?
True
Is 93178 a multiple of 13?
False
Does 4 divide 126049?
False
Does 19 divide 2883098?
True
Does 42 divide 3672312?
True
Does 121 divide 541259?
False
Is 35061 a multiple of 377?
True
Is 651827 a multiple of 12?
False
Is 29 a factor of 350117?
True
Is 15184800 a multiple of 720?
True
Is 7 a factor of 67372?
False
Does 213 divide 136320?
True
Is 206464 a multiple of 177?
False
Is 45 a factor of 4205925?
True
Is 35210 even?
True
Is 121 a factor of 1425805?
False
Is 406377 a multiple of 27?
True
Is 21 a factor of 31224?
False
Does 66 divide 3128311?
False
Is 221575 a multiple of 283?
False
Is 61488 a multiple of 3?
True
Does 30 divide 3937320?
True
Is 24 a factor of 62774?
False
Does 275 divide 522025?
False
Does 91 divide 3703133?
False
Is 557570 a multiple of 130?
True
Is 1176890 a multiple of 22?
True
Is 38 a factor of 377910?
True
Is 10603115 a multiple of 142?
False
Does 86 divide 1556943?
False
Is 14 a factor of 3061772?
True
Is 25 a factor of 780075?
True
Is 109 a factor of 605822?
True
Is 175966 a multiple of 7?
True
Is 348180 a multiple of 68?
False
Does 5 divide 19965?
True
Is 1628605 a multiple of 55?
True
Is 237 a factor of 1236692?
False
Is 30 a factor of 2170560?
True
Does 298 divide 146455?
False
Is 1012 a factor of 3162500?
True
Does 4 divide 29116?
True
Does 347 divide 5693246?
False
Does 104 divide 4669814?
False
Does 262 divide 3840587?
False
Is 1477960 a multiple of 82?
False
Does 30 divide 1677?
False
Is 47 a factor of 136878?
False
Does 60 divide 1769460?
True
Does 86 divide 85364?
False
Is 1086 a factor of 1443903?
False
Is 13 a factor of 3629096?
False
Does 103 divide 160989?
True
Is 278784 a multiple of 139?
False
Is 2685 a factor of 19876157?
False
Is 109 a factor of 10838617?
False
Does 64 divide 40320?
True
Is 1838080 a multiple of 110?
False
Is 68081 a multiple of 146?
False
Is 31663874 a multiple of 109?
False
Is 48 a factor of 84960?
True
Is 9 a factor of 340209?
True
Does 6 divide 456002?
False
Is 499516 a multiple of 47?
True
Does 32 divide 262408?
False
Does 11 divide 3206?
False
Does 53 divide 1072985?
True
Is 568812 a multiple of 642?
True
Is 28402276 a multiple of 371?
True
Is 5 a factor of 23064?
False
Is 81675 a multiple of 297?
True
Is 86318 a multiple of 7?
False
Is 62 a factor of 2425006?
True
Is 216775 a multiple of 19?
False
Is 897 a factor of 1872039?
True
Does 4 divide 760333?
False
Does 35 divide 1015700?
True
Is 11 a factor of 613097?
False
Is 42 a factor of 163590?
True
Does 26 divide 79456?
True
Does 140 divide 85820?
True
Is 48 a factor of 3185852?
False
Is 21 a factor of 8031618?
True
Is 167 a factor of 39398?
False
Does 952 divide 4419184?
True
Does 197 divide 15261590?
True
Does 248 divide 4548816?
True
Is 1311648 a multiple of 1051?
True
Is 873722 a multiple of 51?
False
Does 58 divide 374653?
False
Is 19809 a multiple of 35?
False
Is 766567 a multiple of 23?
True
Is 17 a factor of 2023000?
True
Is 11 a factor of 2424973?
False
Is 8 a factor of 188530?
False
Is 524954 a multiple of 32?
False
Is 322 a factor of 62518?
False
Is 30 a factor of 1050?
True
Does 40 divide 201470?
False
Is 54 a factor of 1508598?
True
Does 707 divide 8407644?
True
Is 98 a factor of 246862?
True
Does 2 divide 7690?
True
Is 703750 a multiple of 625?
True
Does 26 divide 320216?
True
Is 128 a factor of 341260?
False
Is 1059 even?
False
Is 28 a factor of 211120?
True
Is 280046 a multiple of 88?
False
Does 116 divide 150104?
True
Is 125 a factor of 423824?
False
Is 3 a factor of 390?
True
Is 154521 a multiple of 9?
True
Does 658 divide 423752?
True
Does 11 divide 481987?
True
Is 105 a factor of 479773?
False
Does 14 divide 6183744?
True
Is 15 a factor of 84780?
True
Is 38047 a multiple of 441?
False
Does 7 divide 4547467?
False
Does 22 divide 2204906?
True
Does 561 divide 1269595?
False
Is 17 a factor of 113468?
False
Does 349 divide 10637869?
True
Does 462 divide 9244804?
False
Is 19080 a multiple of 53?
True
Is 40587 a multiple of 83?
True
Does 9 divide 111474?
True
Does 88 divide 9102?
False
Is 3487176 a multiple of 252?
True
Is 37 a factor of 54029?
False
Is 40 a factor of 737760?
True
Does 30 divide 3291860?
False
Is 124 a factor of 604128?
True
Is 121 a factor of 407286?
True
Is 2744 a factor of 31822168?
True
Is 621 a factor of 1484190?
True
Is 3967347 a multiple of 303?
False
Is 15 a factor of 201600?
True
Is 211695 a multiple of 11?
True
Does 22 divide 3329722?
True
Is 12780669 a multiple of 251?
True
Is 166923 a multiple of 14?
False
Is 11824974 a multiple of 246?
True
Is 19 a factor of 302594?
True
Is 15 a factor of 1734705?
True
Does 18 divide 425142?
True
Does 296 divide 17494945?
False
Is 4468639 a multiple of 35?
False
Does 19 divide 65170?
True
Is 33 a factor of 2515491?
True
Is 21 a factor of 415170?
True
Is 750 a factor of 5713114?
False
Is 11 a factor of 101926?
True
Does 1046 divide 3758764?
False
Is 21 a factor of 466544?
False
Is 2 a factor of 14974?
True
Is 980172 a multiple of 11?
False
Is 19 a factor of 12486173?
True
Does 72 divide 7572463?
False
Is 10109 a multiple of 10?
False
Does 5 divide 58645?
True
Does 55 divide 2012450?
True
Is 26 a factor of 474444?
False
Is 93128 a multiple of 56?
True
Is 274833 a multiple of 3?
True
Is 13 a factor of 45977?
False
Is 6960 a multiple of 80?
True
Is 2498688 a multiple of 482?
True
Is 1219801 a multiple of 516?
False
Does 76 divide 1136580?
True
Does 30 divide 990720?
True
Is 16 a factor of 131728?
True
Does 37 divide 8547?
True
Is 2058440 a multiple of 6?
False
Is 40284 a multiple of 373?
True
Is 31 a factor of 5600367?
True
Is 40 a factor of 3295080?
True
Is 13 a factor of 237848?
True
Is 10037724 a multiple of 90?
False
Does 222 divide 67488?
True
Does 71 divide 627711?
True
Is 2560 a multiple of 14?
False
Is 168500 a multiple of 125?
True
Is 8664964 a multiple of 33?
False
Does 31 divide 9711795?
False
Is 67 a factor of 30619?
True
Is 1926420 a multiple of 15?
True
Is 1211668 a multiple of 76?
True
Is 3 a factor of 30955?
False
Is 19 a factor of 589?
True
Does 59 divide 188565?
False
Does 13 divide 2097576?
True
Is 273848 a multiple of 611?
False
Does 16 divide 1998064?
True
Is 29 a factor of 692625?
False
Is 109 a factor of 98972?
True
Does 4 divide 1018664?
True
Does 241 divide 1361409?
True
Is 628375 a multiple of 2?
False
Is 42658 a multiple of 22?
True
Is 194875 a multiple of 2?
False
Is 1373807 a multiple of 722?
False
Is 14 a factor of 1437996?
True
Is 234660 a multiple of 60?
True
Is 91 a factor of 114744?
False
Does 18 divide 193344?
False
Is 4 a factor of 2782116?
True
Is 12 a factor of 1916724?
True
Is 789862 a multiple of 386?
False
Does 5 divide 6953?
False
Does 25 divide 357893?
False
Does 8 divide 402112?
True
Does 152 divide 1017336?
True
Is 295390 a multiple of 246?
False
Is 175340 a multiple of 6?
False
Does 120 divide 172320?
True
Is 171 a factor of 66405?
False
Does 173 divide 113315?
True
Is 116862 a multiple of 401?
False
Is 108 a factor of 240121?
False
Does 113 divide 172901?
False
Is 79795 a multiple of 35?
False
Does 82 divide 124476?
True
Is 16142 even?
True
Is 81899 a multiple of 239?
False
Does 143 divide 172601?
True
Is 1020900 a multiple of 75?
True
Is 121 a factor of 417400?
False
Is 274 a factor of 141698?
False
Is 358894 a multiple of 2?
True
Does 26 divide 220038?
True
Is 821805 a multiple of 340?
False
Does 5 divide 82220?
True
Is 184546 a multiple of 34?
False
Is 90 a factor of 3822798?
False
Is 310671 a multiple of 53?
False
Is 35805390 a multiple of 15?
True
Does 103 divide 356383?
False
Does 5 divide 88703?
False
Is 1184536 a multiple of 9?
False
Does 13 divide 220766?
True
Is 116494 a multiple of 314?
True
Does 68 divide 139053